{"id":23970,"date":"2024-03-20T15:33:01","date_gmt":"2024-03-20T14:33:01","guid":{"rendered":"https:\/\/seh-n-sucht.de\/BLOG\/?page_id=23970"},"modified":"2024-03-20T15:33:01","modified_gmt":"2024-03-20T14:33:01","slug":"zeitweiseonline-winter24","status":"publish","type":"page","link":"https:\/\/seh-n-sucht.de\/BLOG\/zeitweiseonline-winter24\/","title":{"rendered":"ZeitweiseOnline &#8211; Winter"},"content":{"rendered":"\n<style type=\"text\/css\" data-created_by=\"avia_inline_auto\" id=\"style-css-av-kk2e5hci-c1457a1423b5f8f801473016080326b7\">\n#top .av-special-heading.av-kk2e5hci-c1457a1423b5f8f801473016080326b7{\npadding-bottom:10px;\n}\nbody .av-special-heading.av-kk2e5hci-c1457a1423b5f8f801473016080326b7 .av-special-heading-tag .heading-char{\nfont-size:25px;\n}\n.av-special-heading.av-kk2e5hci-c1457a1423b5f8f801473016080326b7 .av-subheading{\nfont-size:15px;\n}\n<\/style>\n<div  class='av-special-heading av-kk2e5hci-c1457a1423b5f8f801473016080326b7 av-special-heading-h2 meta-heading blockquote modern-quote  avia-builder-el-0  el_before_av_postslider  avia-builder-el-first  av-linked-heading'><h2 class='av-special-heading-tag '  itemprop=\"headline\"  >Projekte 2024 &#8211; ZeitweiseOnline &#8211; Winter<\/h2><div class=\"special-heading-border\"><div class=\"special-heading-inner-border\"><\/div><\/div><\/div>\n<div  data-slideshow-options=\"{&quot;animation&quot;:&quot;fade&quot;,&quot;autoplay&quot;:true,&quot;loop_autoplay&quot;:&quot;endless&quot;,&quot;interval&quot;:&quot;4&quot;,&quot;loop_manual&quot;:&quot;manual-endless&quot;,&quot;autoplay_stopper&quot;:false,&quot;noNavigation&quot;:false,&quot;show_slide_delay&quot;:90}\" class='avia-content-slider avia-content-slider-active avia-content-slider1 avia-content-slider-even  avia-builder-el-1  el_after_av_heading  avia-builder-el-last  av-slideshow-ui av-control-default   av-no-slider-navigation av-slideshow-autoplay av-loop-endless av-loop-manual-endless '  itemscope=\"itemscope\" itemtype=\"https:\/\/schema.org\/Blog\" ><div class=\"avia-content-slider-inner\"><div class=\"slide-entry-wrap\"><article class='slide-entry flex_column  post-entry post-entry-24027 slide-entry-overview slide-loop-1 slide-parity-odd  av_one_half first real-thumbnail posttype-post post-format-standard'  itemscope=\"itemscope\" itemtype=\"https:\/\/schema.org\/CreativeWork\" ><a href='https:\/\/seh-n-sucht.de\/BLOG\/24027\/fruehblueher-ii\/' data-rel='slide-1' class='slide-image' title='Fr\u00fchbl\u00fcher II'><img decoding=\"async\" fetchpriority=\"high\" width=\"320\" height=\"400\" src=\"https:\/\/i0.wp.com\/seh-n-sucht.de\/BLOG\/wp-content\/uploads\/2024\/03\/2024-BirgitFranik-20240321-0608-2.jpg?fit=320%2C400&amp;ssl=1\" class=\"wp-image-24031 avia-img-lazy-loading-not-24031 attachment-portfolio size-portfolio wp-post-image\" alt=\"\" srcset=\"https:\/\/i0.wp.com\/seh-n-sucht.de\/BLOG\/wp-content\/uploads\/2024\/03\/2024-BirgitFranik-20240321-0608-2.jpg?w=640&amp;ssl=1 640w, https:\/\/i0.wp.com\/seh-n-sucht.de\/BLOG\/wp-content\/uploads\/2024\/03\/2024-BirgitFranik-20240321-0608-2.jpg?resize=320%2C400&amp;ssl=1 320w, https:\/\/i0.wp.com\/seh-n-sucht.de\/BLOG\/wp-content\/uploads\/2024\/03\/2024-BirgitFranik-20240321-0608-2.jpg?resize=373%2C466&amp;ssl=1 373w\" sizes=\"(max-width: 320px) 100vw, 320px\" \/><\/a><div class=\"slide-content\"><header class=\"entry-content-header\" aria-label=\"Slide: Fr\u00fchbl\u00fcher II\"><h3 class='slide-entry-title entry-title '  itemprop=\"headline\" ><a href='https:\/\/seh-n-sucht.de\/BLOG\/24027\/fruehblueher-ii\/' title='Fr\u00fchbl\u00fcher II'>Fr\u00fchbl\u00fcher II<\/a><\/h3><span class=\"av-vertical-delimiter\"><\/span><\/header><\/div><footer class=\"entry-footer\"><\/footer><span class='hidden'>\n\t\t\t\t<span class='av-structured-data'  itemprop=\"image\" itemscope=\"itemscope\" itemtype=\"https:\/\/schema.org\/ImageObject\" >\n\t\t\t\t\t\t<span itemprop='url'>https:\/\/i0.wp.com\/seh-n-sucht.de\/BLOG\/wp-content\/uploads\/2024\/03\/2024-BirgitFranik-20240321-0608-2.jpg?fit=640%2C800&ssl=1<\/span>\n\t\t\t\t\t\t<span itemprop='height'>800<\/span>\n\t\t\t\t\t\t<span itemprop='width'>640<\/span>\n\t\t\t\t<\/span>\n\t\t\t\t<span class='av-structured-data'  itemprop=\"publisher\" itemtype=\"https:\/\/schema.org\/Organization\" itemscope=\"itemscope\" >\n\t\t\t\t\t\t<span itemprop='name'>Seh-N-Sucht<\/span>\n\t\t\t\t\t\t<span itemprop='logo' itemscope itemtype='https:\/\/schema.org\/ImageObject'>\n\t\t\t\t\t\t\t<span itemprop='url'>https:\/\/seh-n-sucht.de\/BLOG\/wp-content\/uploads\/2019\/03\/LOGO_SEHNSUCHT_N_340_156-300x138.png<\/span>\n\t\t\t\t\t\t<\/span>\n\t\t\t\t<\/span><span class='av-structured-data'  itemprop=\"author\" itemscope=\"itemscope\" itemtype=\"https:\/\/schema.org\/Person\" ><span itemprop='name'>Seh-N-Sucht<\/span><\/span><span class='av-structured-data'  itemprop=\"datePublished\" datetime=\"2024-03-20T15:33:01+01:00\" >2024-03-27 21:26:23<\/span><span class='av-structured-data'  itemprop=\"dateModified\" itemtype=\"https:\/\/schema.org\/dateModified\" >2024-09-11 15:09:40<\/span><span class='av-structured-data'  itemprop=\"mainEntityOfPage\" itemtype=\"https:\/\/schema.org\/mainEntityOfPage\" ><span itemprop='name'>Fr\u00fchbl\u00fcher II<\/span><\/span><\/span><\/article><article class='slide-entry flex_column  post-entry post-entry-24019 slide-entry-overview slide-loop-2 slide-parity-even  av_one_half  real-thumbnail posttype-post post-format-standard'  itemscope=\"itemscope\" itemtype=\"https:\/\/schema.org\/CreativeWork\" ><a href='https:\/\/seh-n-sucht.de\/BLOG\/24019\/fruehblueher-i\/' data-rel='slide-1' class='slide-image' title='Fr\u00fchbl\u00fcher I'><img decoding=\"async\" fetchpriority=\"high\" width=\"320\" height=\"400\" src=\"https:\/\/i0.wp.com\/seh-n-sucht.de\/BLOG\/wp-content\/uploads\/2024\/03\/2024-BirgitFranik-20240324-2399-2.jpg?fit=320%2C400&amp;ssl=1\" class=\"wp-image-24033 avia-img-lazy-loading-not-24033 attachment-portfolio size-portfolio wp-post-image\" alt=\"\" srcset=\"https:\/\/i0.wp.com\/seh-n-sucht.de\/BLOG\/wp-content\/uploads\/2024\/03\/2024-BirgitFranik-20240324-2399-2.jpg?w=640&amp;ssl=1 640w, https:\/\/i0.wp.com\/seh-n-sucht.de\/BLOG\/wp-content\/uploads\/2024\/03\/2024-BirgitFranik-20240324-2399-2.jpg?resize=320%2C400&amp;ssl=1 320w, https:\/\/i0.wp.com\/seh-n-sucht.de\/BLOG\/wp-content\/uploads\/2024\/03\/2024-BirgitFranik-20240324-2399-2.jpg?resize=373%2C466&amp;ssl=1 373w\" sizes=\"(max-width: 320px) 100vw, 320px\" \/><\/a><div class=\"slide-content\"><header class=\"entry-content-header\" aria-label=\"Slide: Fr\u00fchbl\u00fcher I\"><h3 class='slide-entry-title entry-title '  itemprop=\"headline\" ><a href='https:\/\/seh-n-sucht.de\/BLOG\/24019\/fruehblueher-i\/' title='Fr\u00fchbl\u00fcher I'>Fr\u00fchbl\u00fcher I<\/a><\/h3><span class=\"av-vertical-delimiter\"><\/span><\/header><\/div><footer class=\"entry-footer\"><\/footer><span class='hidden'>\n\t\t\t\t<span class='av-structured-data'  itemprop=\"image\" itemscope=\"itemscope\" itemtype=\"https:\/\/schema.org\/ImageObject\" >\n\t\t\t\t\t\t<span itemprop='url'>https:\/\/i0.wp.com\/seh-n-sucht.de\/BLOG\/wp-content\/uploads\/2024\/03\/2024-BirgitFranik-20240324-2399-2.jpg?fit=640%2C800&ssl=1<\/span>\n\t\t\t\t\t\t<span itemprop='height'>800<\/span>\n\t\t\t\t\t\t<span itemprop='width'>640<\/span>\n\t\t\t\t<\/span>\n\t\t\t\t<span class='av-structured-data'  itemprop=\"publisher\" itemtype=\"https:\/\/schema.org\/Organization\" itemscope=\"itemscope\" >\n\t\t\t\t\t\t<span itemprop='name'>Seh-N-Sucht<\/span>\n\t\t\t\t\t\t<span itemprop='logo' itemscope itemtype='https:\/\/schema.org\/ImageObject'>\n\t\t\t\t\t\t\t<span itemprop='url'>https:\/\/seh-n-sucht.de\/BLOG\/wp-content\/uploads\/2019\/03\/LOGO_SEHNSUCHT_N_340_156-300x138.png<\/span>\n\t\t\t\t\t\t<\/span>\n\t\t\t\t<\/span><span class='av-structured-data'  itemprop=\"author\" itemscope=\"itemscope\" itemtype=\"https:\/\/schema.org\/Person\" ><span itemprop='name'>Seh-N-Sucht<\/span><\/span><span class='av-structured-data'  itemprop=\"datePublished\" datetime=\"2024-03-20T15:33:01+01:00\" >2024-03-27 21:25:49<\/span><span class='av-structured-data'  itemprop=\"dateModified\" itemtype=\"https:\/\/schema.org\/dateModified\" >2024-07-01 12:00:43<\/span><span class='av-structured-data'  itemprop=\"mainEntityOfPage\" itemtype=\"https:\/\/schema.org\/mainEntityOfPage\" ><span itemprop='name'>Fr\u00fchbl\u00fcher I<\/span><\/span><\/span><\/article><\/div><div class=\"slide-entry-wrap\"><article class='slide-entry flex_column  post-entry post-entry-23966 slide-entry-overview slide-loop-3 slide-parity-odd  av_one_half first real-thumbnail posttype-post post-format-standard'  itemscope=\"itemscope\" itemtype=\"https:\/\/schema.org\/CreativeWork\" ><a href='https:\/\/seh-n-sucht.de\/BLOG\/23966\/aqua-2\/' data-rel='slide-1' class='slide-image' title='Aqua II'><img decoding=\"async\" fetchpriority=\"high\" width=\"495\" height=\"330\" src=\"https:\/\/i0.wp.com\/seh-n-sucht.de\/BLOG\/wp-content\/uploads\/2024\/03\/2024-BirgitFranik-20240317-8851-1.jpg?fit=495%2C330&amp;ssl=1\" class=\"wp-image-24015 avia-img-lazy-loading-not-24015 attachment-portfolio size-portfolio wp-post-image\" alt=\"\" srcset=\"https:\/\/i0.wp.com\/seh-n-sucht.de\/BLOG\/wp-content\/uploads\/2024\/03\/2024-BirgitFranik-20240317-8851-1.jpg?w=1200&amp;ssl=1 1200w, https:\/\/i0.wp.com\/seh-n-sucht.de\/BLOG\/wp-content\/uploads\/2024\/03\/2024-BirgitFranik-20240317-8851-1.jpg?resize=800%2C533&amp;ssl=1 800w, https:\/\/i0.wp.com\/seh-n-sucht.de\/BLOG\/wp-content\/uploads\/2024\/03\/2024-BirgitFranik-20240317-8851-1.jpg?resize=495%2C330&amp;ssl=1 495w, https:\/\/i0.wp.com\/seh-n-sucht.de\/BLOG\/wp-content\/uploads\/2024\/03\/2024-BirgitFranik-20240317-8851-1.jpg?resize=700%2C466&amp;ssl=1 700w\" sizes=\"(max-width: 495px) 100vw, 495px\" \/><\/a><div class=\"slide-content\"><header class=\"entry-content-header\" aria-label=\"Slide: Aqua II\"><h3 class='slide-entry-title entry-title '  itemprop=\"headline\" ><a href='https:\/\/seh-n-sucht.de\/BLOG\/23966\/aqua-2\/' title='Aqua II'>Aqua II<\/a><\/h3><span class=\"av-vertical-delimiter\"><\/span><\/header><\/div><footer class=\"entry-footer\"><\/footer><span class='hidden'>\n\t\t\t\t<span class='av-structured-data'  itemprop=\"image\" itemscope=\"itemscope\" itemtype=\"https:\/\/schema.org\/ImageObject\" >\n\t\t\t\t\t\t<span itemprop='url'>https:\/\/i0.wp.com\/seh-n-sucht.de\/BLOG\/wp-content\/uploads\/2024\/03\/2024-BirgitFranik-20240317-8851-1.jpg?fit=1200%2C800&ssl=1<\/span>\n\t\t\t\t\t\t<span itemprop='height'>800<\/span>\n\t\t\t\t\t\t<span itemprop='width'>1200<\/span>\n\t\t\t\t<\/span>\n\t\t\t\t<span class='av-structured-data'  itemprop=\"publisher\" itemtype=\"https:\/\/schema.org\/Organization\" itemscope=\"itemscope\" >\n\t\t\t\t\t\t<span itemprop='name'>Seh-N-Sucht<\/span>\n\t\t\t\t\t\t<span itemprop='logo' itemscope itemtype='https:\/\/schema.org\/ImageObject'>\n\t\t\t\t\t\t\t<span itemprop='url'>https:\/\/seh-n-sucht.de\/BLOG\/wp-content\/uploads\/2019\/03\/LOGO_SEHNSUCHT_N_340_156-300x138.png<\/span>\n\t\t\t\t\t\t<\/span>\n\t\t\t\t<\/span><span class='av-structured-data'  itemprop=\"author\" itemscope=\"itemscope\" itemtype=\"https:\/\/schema.org\/Person\" ><span itemprop='name'>Seh-N-Sucht<\/span><\/span><span class='av-structured-data'  itemprop=\"datePublished\" datetime=\"2024-03-20T15:33:01+01:00\" >2024-03-20 22:01:59<\/span><span class='av-structured-data'  itemprop=\"dateModified\" itemtype=\"https:\/\/schema.org\/dateModified\" >2024-07-01 12:02:19<\/span><span class='av-structured-data'  itemprop=\"mainEntityOfPage\" itemtype=\"https:\/\/schema.org\/mainEntityOfPage\" ><span itemprop='name'>Aqua II<\/span><\/span><\/span><\/article><article class='slide-entry flex_column  post-entry post-entry-23937 slide-entry-overview slide-loop-4 slide-parity-even  post-entry-last  av_one_half  real-thumbnail posttype-post post-format-standard'  itemscope=\"itemscope\" itemtype=\"https:\/\/schema.org\/CreativeWork\" ><a href='https:\/\/seh-n-sucht.de\/BLOG\/23937\/aqua\/' data-rel='slide-1' class='slide-image' title='Aqua'><img decoding=\"async\" fetchpriority=\"high\" width=\"495\" height=\"330\" src=\"https:\/\/i0.wp.com\/seh-n-sucht.de\/BLOG\/wp-content\/uploads\/2024\/03\/2024-BirgitFranik-20240319-0033-2.jpg?fit=495%2C330&amp;ssl=1\" class=\"wp-image-24013 avia-img-lazy-loading-not-24013 attachment-portfolio size-portfolio wp-post-image\" alt=\"\" srcset=\"https:\/\/i0.wp.com\/seh-n-sucht.de\/BLOG\/wp-content\/uploads\/2024\/03\/2024-BirgitFranik-20240319-0033-2.jpg?w=1200&amp;ssl=1 1200w, https:\/\/i0.wp.com\/seh-n-sucht.de\/BLOG\/wp-content\/uploads\/2024\/03\/2024-BirgitFranik-20240319-0033-2.jpg?resize=800%2C533&amp;ssl=1 800w, https:\/\/i0.wp.com\/seh-n-sucht.de\/BLOG\/wp-content\/uploads\/2024\/03\/2024-BirgitFranik-20240319-0033-2.jpg?resize=495%2C330&amp;ssl=1 495w, https:\/\/i0.wp.com\/seh-n-sucht.de\/BLOG\/wp-content\/uploads\/2024\/03\/2024-BirgitFranik-20240319-0033-2.jpg?resize=700%2C466&amp;ssl=1 700w\" sizes=\"(max-width: 495px) 100vw, 495px\" \/><\/a><div class=\"slide-content\"><header class=\"entry-content-header\" aria-label=\"Slide: Aqua\"><h3 class='slide-entry-title entry-title '  itemprop=\"headline\" ><a href='https:\/\/seh-n-sucht.de\/BLOG\/23937\/aqua\/' title='Aqua'>Aqua<\/a><\/h3><span class=\"av-vertical-delimiter\"><\/span><\/header><\/div><footer class=\"entry-footer\"><\/footer><span class='hidden'>\n\t\t\t\t<span class='av-structured-data'  itemprop=\"image\" itemscope=\"itemscope\" itemtype=\"https:\/\/schema.org\/ImageObject\" >\n\t\t\t\t\t\t<span itemprop='url'>https:\/\/i0.wp.com\/seh-n-sucht.de\/BLOG\/wp-content\/uploads\/2024\/03\/2024-BirgitFranik-20240319-0033-2.jpg?fit=1200%2C800&ssl=1<\/span>\n\t\t\t\t\t\t<span itemprop='height'>800<\/span>\n\t\t\t\t\t\t<span itemprop='width'>1200<\/span>\n\t\t\t\t<\/span>\n\t\t\t\t<span class='av-structured-data'  itemprop=\"publisher\" itemtype=\"https:\/\/schema.org\/Organization\" itemscope=\"itemscope\" >\n\t\t\t\t\t\t<span itemprop='name'>Seh-N-Sucht<\/span>\n\t\t\t\t\t\t<span itemprop='logo' itemscope itemtype='https:\/\/schema.org\/ImageObject'>\n\t\t\t\t\t\t\t<span itemprop='url'>https:\/\/seh-n-sucht.de\/BLOG\/wp-content\/uploads\/2019\/03\/LOGO_SEHNSUCHT_N_340_156-300x138.png<\/span>\n\t\t\t\t\t\t<\/span>\n\t\t\t\t<\/span><span class='av-structured-data'  itemprop=\"author\" itemscope=\"itemscope\" itemtype=\"https:\/\/schema.org\/Person\" ><span itemprop='name'>Seh-N-Sucht<\/span><\/span><span class='av-structured-data'  itemprop=\"datePublished\" datetime=\"2024-03-20T15:33:01+01:00\" >2024-03-20 22:00:06<\/span><span class='av-structured-data'  itemprop=\"dateModified\" itemtype=\"https:\/\/schema.org\/dateModified\" >2024-03-27 16:25:32<\/span><span class='av-structured-data'  itemprop=\"mainEntityOfPage\" itemtype=\"https:\/\/schema.org\/mainEntityOfPage\" ><span itemprop='name'>Aqua<\/span><\/span><\/span><\/article><\/div><\/div><div class='avia-slideshow-arrows avia-slideshow-controls' ><a href='#prev' class='prev-slide  avia-svg-icon avia-font-svg_entypo-fontello' data-av_svg_icon='left-open-big' data-av_iconset='svg_entypo-fontello' tabindex='-1' title=\"Zur\u00fcck\"><svg version=\"1.1\" xmlns=\"http:\/\/www.w3.org\/2000\/svg\" width=\"15\" height=\"32\" viewBox=\"0 0 15 32\" preserveAspectRatio=\"xMidYMid meet\" aria-labelledby='av-svg-title-5' aria-describedby='av-svg-desc-5' role=\"graphics-symbol\" aria-hidden=\"true\">\n<title id='av-svg-title-5'>Zur\u00fcck<\/title>\n<desc id='av-svg-desc-5'>Zur\u00fcck<\/desc>\n<path d=\"M14.464 27.84q0.832 0.832 0 1.536-0.832 0.832-1.536 0l-12.544-12.608q-0.768-0.768 0-1.6l12.544-12.608q0.704-0.832 1.536 0 0.832 0.704 0 1.536l-11.456 11.904z\"><\/path>\n<\/svg><span class='avia_hidden_link_text'>Zur\u00fcck<\/span><\/a><a href='#next' class='next-slide  avia-svg-icon avia-font-svg_entypo-fontello' data-av_svg_icon='right-open-big' data-av_iconset='svg_entypo-fontello' tabindex='-1' title=\"Weiter\"><svg version=\"1.1\" xmlns=\"http:\/\/www.w3.org\/2000\/svg\" width=\"15\" height=\"32\" viewBox=\"0 0 15 32\" preserveAspectRatio=\"xMidYMid meet\" aria-labelledby='av-svg-title-6' aria-describedby='av-svg-desc-6' role=\"graphics-symbol\" aria-hidden=\"true\">\n<title id='av-svg-title-6'>Weiter<\/title>\n<desc id='av-svg-desc-6'>Weiter<\/desc>\n<path d=\"M0.416 27.84l11.456-11.84-11.456-11.904q-0.832-0.832 0-1.536 0.832-0.832 1.536 0l12.544 12.608q0.768 0.832 0 1.6l-12.544 12.608q-0.704 0.832-1.536 0-0.832-0.704 0-1.536z\"><\/path>\n<\/svg><span class='avia_hidden_link_text'>Weiter<\/span><\/a><\/div><\/div>\n","protected":false},"excerpt":{"rendered":"","protected":false},"author":1,"featured_media":0,"parent":0,"menu_order":0,"comment_status":"closed","ping_status":"closed","template":"","meta":{"advanced_seo_description":"","jetpack_seo_html_title":"","jetpack_seo_noindex":false,"jetpack_post_was_ever_published":false,"footnotes":""},"class_list":["post-23970","page","type-page","status-publish","hentry"],"jetpack_likes_enabled":true,"jetpack_sharing_enabled":true,"jetpack_shortlink":"https:\/\/wp.me\/P7nJWF-6eC","_links":{"self":[{"href":"https:\/\/seh-n-sucht.de\/BLOG\/wp-json\/wp\/v2\/pages\/23970","targetHints":{"allow":["GET"]}}],"collection":[{"href":"https:\/\/seh-n-sucht.de\/BLOG\/wp-json\/wp\/v2\/pages"}],"about":[{"href":"https:\/\/seh-n-sucht.de\/BLOG\/wp-json\/wp\/v2\/types\/page"}],"author":[{"embeddable":true,"href":"https:\/\/seh-n-sucht.de\/BLOG\/wp-json\/wp\/v2\/users\/1"}],"replies":[{"embeddable":true,"href":"https:\/\/seh-n-sucht.de\/BLOG\/wp-json\/wp\/v2\/comments?post=23970"}],"version-history":[{"count":2,"href":"https:\/\/seh-n-sucht.de\/BLOG\/wp-json\/wp\/v2\/pages\/23970\/revisions"}],"predecessor-version":[{"id":23972,"href":"https:\/\/seh-n-sucht.de\/BLOG\/wp-json\/wp\/v2\/pages\/23970\/revisions\/23972"}],"wp:attachment":[{"href":"https:\/\/seh-n-sucht.de\/BLOG\/wp-json\/wp\/v2\/media?parent=23970"}],"curies":[{"name":"wp","href":"https:\/\/api.w.org\/{rel}","templated":true}]}}